s 17 divide 908590?
False
Is 117711 a multiple of 123?
True
Is 1078346 a multiple of 221?
False
Is 10 a factor of 81410?
True
Does 608 divide 3057038?
False
Is 31 a factor of 192231?
True
Is 45 a factor of 55169?
False
Is 122130 a multiple of 30?
True
Does 24 divide 3358416?
True
Is 19 a factor of 3176?
False
Is 14852824 a multiple of 12?
False
Is 3 a factor of 19516?
False
Is 85 a factor of 228605?
False
Does 160 divide 62534?
False
Does 176 divide 298472?
False
Does 376 divide 3493040?
True
Does 11 divide 2075063?
False
Is 1222 a factor of 972712?
True
Is 13 a factor of 30019?
False
Is 1497572 a multiple of 107?
True
Is 1474311 a multiple of 113?
True
Is 737 a factor of 873560?
False
Does 5 divide 296187?
False
Does 254 divide 471678?
True
Is 473143 a multiple of 145?
False
Is 391816 a multiple of 68?
True
Is 797 a factor of 9002884?
False
Does 40 divide 416410?
False
Does 7 divide 1950955?
False
Is 70 a factor of 1411620?
True
Is 30287 a multiple of 280?
False
Is 1101346 a multiple of 239?
False
Is 283480 a multiple of 190?
True
Is 35 a factor of 281059?
False
Does 90 divide 771480?
True
Does 59 divide 635797?
False
Is 1050 a factor of 6661539?
False
Is 16400148 a multiple of 213?
True
Is 99870 a multiple of 30?
True
Is 104542 a multiple of 334?
True
Does 617 divide 16294780?
False
Does 305 divide 3712179?
False
Is 1222622 a multiple of 227?
True
Does 52 divide 32782?
False
Is 1761992 a multiple of 6?
False
Is 70 a factor of 140840?
True
Is 40 a factor of 2030394?
False
Is 744868 a multiple of 84?
False
Is 236 a factor of 3540?
True
Is 11 a factor of 952281?
True
Is 715950 a multiple of 25?
True
Is 39 a factor of 1291485?
True
Does 54 divide 451811?
False
Is 5 a factor of 2048908?
False
Is 104247 a multiple of 13?
True
Is 248 a multiple of 2?
True
Is 897 a factor of 2160873?
True
Does 132 divide 247104?
True
Is 74 a factor of 1095425?
False
Does 406 divide 35233?
False
Does 23 divide 16257090?
True
Is 1958294 a multiple of 1417?
True
Does 2 divide 1356910?
True
Does 746 divide 5632300?
True
Does 37 divide 480189?
False
Is 6883960 a multiple of 40?
True
Is 60 a factor of 1133340?
True
Is 99 a factor of 2783781?
True
Is 758941 a multiple of 105?
False
Is 477285 a multiple of 167?
False
Is 40 a factor of 7557436?
False
Is 6 a factor of 3078?
True
Does 15 divide 7120735?
False
Does 209 divide 211449?
False
Is 611100 a multiple of 388?
True
Is 37030 a multiple of 23?
True
Does 328 divide 818360?
True
Is 193 a factor of 468218?
True
Is 40938 a multiple of 5?
False
Does 2 divide 1137326?
True
Does 13 divide 8657259?
True
Is 1719284 a multiple of 28?
True
Is 3007881 a multiple of 909?
True
Is 136 a factor of 707744?
True
Is 10 a factor of 82990?
True
Is 240635 a multiple of 268?
False
Is 23 a factor of 1404825?
False
Is 117 a factor of 33968?
False
Is 137 a factor of 270816?
False
Is 2657579 a multiple of 41?
True
Does 13 divide 37534473?
False
Does 56 divide 2064415?
False
Is 212 a factor of 1553709?
False
Is 13 a factor of 715876?
False
Is 79 a factor of 101594?
True
Is 15 a factor of 67890?
True
Does 8 divide 946968?
True
Does 28 divide 6298460?
True
Does 15 divide 2175345?
True
Does 531 divide 3223171?
False
Is 3 a factor of 704556?
True
Is 1554 a factor of 8119448?
False
Does 19 divide 101200?
False
Is 3 a factor of 965605?
False
Is 3310174 a multiple of 14?
True
Is 40961 a multiple of 45?
False
Is 11 a factor of 3011060?
False
Is 361 a factor of 3541049?
True
Is 11 a factor of 69343?
False
Is 225734 a multiple of 5?
False
Does 47 divide 6561529?
True
Does 109 divide 481998?
True
Is 87948 a multiple of 18?
True
Does 586 divide 1106368?
True
Is 33052 a multiple of 40?
False
Does 223 divide 347199?
False
Is 41 a factor of 131036?
True
Is 21 a factor of 113001?
True
Is 491 a factor of 8379897?
True
Does 98 divide 6866832?
False
Does 351 divide 297297?
True
Does 43 divide 392247?
False
Is 70 a factor of 188175?
False
Does 41 divide 732547?
True
Is 138 a factor of 14553806?
False
Does 15 divide 116250?
True
Is 41 a factor of 2160534?
False
Is 553975 a multiple of 25?
True
Does 53 divide 2437742?
False
Is 1427963 a multiple of 15?
False
Does 18 divide 1045941?
False
Is 34 a factor of 974088?
False
Does 36 divide 232611?
False
Does 33 divide 99793?
False
Does 6 divide 1101979?
False
Does 28 divide 74536?
True
Is 557 a factor of 138469?
False
Does 77 divide 6541?
False
Does 668 divide 235804?
True
Is 754051 a multiple of 56?
False
Does 301 divide 96408?
False
Is 910396 a multiple of 67?
True
Does 36 divide 148824?
True
Is 1594068 a multiple of 10?
False
Is 162 a factor of 10720178?
False
Is 9 a factor of 10999?
False
Does 101 divide 509504?
False
Is 315 a factor of 630945?
True
Is 857857 a multiple of 204?
False
Is 159599 a multiple of 121?
True
Does 13 divide 1960361?
True
Does 150 divide 140400?
True
Does 322 divide 1759535?
False
Is 73865 a multiple of 11?
True
Does 163 divide 565284?
True
Is 1464272 a multiple of 92?
True
Is 32852 a multiple of 43?
True
Does 15 divide 1276855?
False
Is 1689 a multiple of 2?
False
Does 483 divide 6231678?
False
Is 786692 a multiple of 90?
False
Is 75 a factor of 192450?
True
Does 2616 divide 11858328?
True
Is 8 a factor of 210544?
True
Does 1485 divide 6615675?
True
Does 2007 divide 11645951?
False
Does 15 divide 11923305?
True
Does 13 divide 185250?
True
Is 11696017 a multiple of 107?
False
Is 163 a factor of 20167897?
False
Does 253 divide 935341?
True
Does 169 divide 589838?
False
Is 184301 a multiple of 11?
False
Is 94424 a multiple of 74?
True
Is 725595 a multiple of 17?
False
Is 11 a factor of 17201275?
False
Is 12 a factor of 130204?
False
Is 1873800 a multiple of 54?
True
Does 3 divide 344948?
False
Does 3 divide 859?
False
Is 20 a factor of 81680?
True
Is 346 a factor of 2401172?
False
Does 20 divide 1884200?
True
Is 8 a factor of 63880?
True
Is 2164705 a multiple of 3?
False
Is 745138 a multiple of 9?
False
Is 2490000 a multiple of 20?
True
Does 16 divide 901152?
True
Is 25 a factor of 104000?
True
Is 37 a factor of 91649?
True
Does 185 divide 24232?
False
Is 3457776 a multiple of 328?
True
Is 186 a factor of 1441128?
True
Does 88 divide 19999056?
True
Is 5641213 a multiple of 17?
False
Is 63 a factor of 1471073?
False
Is 594178 a multiple of 1459?
False
Is 17 a factor of 1002150?
True
Is 7565856 a multiple of 424?
True
Is 8 a factor of 2902926?
False
Is 293 a factor of 893199?
False
Is 500535 a multiple of 92?
False
Is 73 a factor of 133312?
False
Is 6 a factor of 68760?
True
Is 2 a factor of 10611?
False
Is 60713 a multiple of 44?
False
Is 24 a factor of 859287?
False
Is 127560 a multiple of 46?
False
Does 548 divide 1534520?
False
Does 8 divide 68430?
False
Does 111 divide 303696?
True
Is 590 a factor of 1538747?
False
Is 38 a factor of 990052?
True
Is 4598360 a multiple of 20?
True
Is 207515 a multiple of 24?
False
Does 213 divide 96989?
False
Is 1915620 a multiple of 140?
True
Is 82 a factor of 13982777?
False
Is 141202 a multiple of 17?
True
Is 64 a factor of 5006208?
True
Is 111 a factor of 109890?
True
Does 103 divide 1690123?
False
Does 92 divide 120531?
False
Is 54 a factor of 15629125?
False
Is 418 a factor of 17376678?
True
Is 7339461 a multiple of 3?
True
Is 9 a factor of 587367?
True
Is 4 a factor of 386600?
True
Does 319 divide 12423?
False
Does 50 divide 618748?
False
Does 35 divide 5044340?
True
Is 569851 a multiple of 3?
False
Is 256 a factor of 60387?
False
Does 42 divide 601965?
False
Is 189 a factor of 60026?
False
Does 53 divide 2666768?
False
Is 19 a factor of 305269?
False
Is 136 a factor of 41888?
True
Is 4354114 a multiple of 148?
False
Is 828719 a multiple of 22?
False
Is 98 a factor of 46844?
True
Is 80 a factor of 1923042?
False
Does 155 divide 847850?
True
Does 27 divide 13554265?
False
Is 55 a factor of 616776?
False
Is 239 a factor of 1084685?
False
Is 17 a factor of 1273844?
True
Does 12 divide 5432904?
True
Does 45 divide 590625?
True
Is 14 a factor of 10009939?
False
Is 1879787 a multiple of 169?
True
Is 8666360 a multiple of 20?
True
Is 228250 a multiple of 4?
False
Does 2 divide 1947246?
True
Does 122 divide 506788?
True
Is 27 a factor of 300069?
False
Is 246 a factor of 1201754?
False
Does 9 divide 836289?
True
Is 3683232 a multiple of 696?
True
Is 26 a factor of